 n(r) = r - 1. Let g(h) = f(h) - 5*n(h). Let q be (1 - -1) + -2 + 0. Suppose -3*d + 4 + 5 = q. What is g(d)?
-7
Let o be 2/4*(14 - 0). Suppose -2 = n - o. Suppose 8 - 33 = n*g. Let t(b) = b**3 + 6*b**2 + 3*b - 2. Determine t(g).
8
Let q(j) = j**2 - j - 4. Suppose 13 = 5*m - 2. Let k be q(m). Let u(z) = -k*z + 2*z**2 + 2*z**2 + z. Determine u(1).
3
Let v(j) = -j - 5. Let y be 2/12 - (-2)/(-12). What is v(y)?
-5
Let c(j) = -13*j - 23. Let w(z) = 7*z + 12. Let b(t) = -6*c(t) - 11*w(t). Calculate b(-3).
3
Let m(u) = 0 + 3 - 3 + 1 + 2*u. What is m(-2)?
-3
Let t(z) be the third derivative of z**5/60 - 3*z**4/8 + z**3/3 + 2*z**2 + 9*z. Give t(9).
2
Let l(u) be the second derivative of -u**4/12 + 3*u**2/2 + 4*u. Let c(w) be the first derivative of l(w). Calculate c(1).
-2
Let v(i) = -i + 3. Let x be v(0). Suppose -x*f + 5 = q, -2*f = -0*q - 2*q + 2. Let u(s) = -3*s**2 + 3*s. Give u(q).
-6
Let x(g) be the first derivative of -g**3/3 + g**2 - 4*g - 7. Determine x(3).
-7
Let z(g) = 14*g**2 + 14*g - 26. Suppose -5*j - 20 = -0*j. Let x(c) = 5*c**2 + 5*c - 9. Let n(s) = j*z(s) + 11*x(s). What is n(0)?
5
Let c = 3 + -5. Let x be 20/(-3) + (-14)/(-21). Let k = c - x. Let s(r) = -r**3 + 5*r**2 - 5*r + 4. What is s(k)?
0
Let j(c) = -2*c**2 - 1 - 4*c**2 + c**3 + 5*c**2. What is j(2)?
3
Let a(g) = -5*g**2 - 9*g + 3. Let s(i) = -i**2 - i. Let u(p) = -a(p) + 6*s(p). What is u(4)?
-7
Let c(z) = z**2 + 3*z + 1. Let j be -3 + 4 - (1 + 1). What is c(j)?
-1
Suppose 2*k - 2 = 4*k. Let o(f) = -5*f**3 - 2*f**2 + f - 3. Let i(d) = d**3 - d + 1. Let v(t) = k*o(t) - 6*i(t). Let n = -6 - -9. Determine v(n).
3
Let h(b) = -2*b - 9. Let w be -4 + 1 - (-6 + 10). What is h(w)?
5
Let w(f) = -f + 2. Let o = 5 + 2. What is w(o)?
-5
Let a(k) = -k**2 + k. Let h(f) = -f**3 - 4*f**2 - 7*f. Let c(m) = 2*a(m) + h(m). What is c(-4)?
-12
Let c(d) = d**3 - 3*d**2 - 5*d - 1. Suppose -5 = -3*t + 7. Calculate c(t).
-5
Suppose 3*m - 8 = -5*l, 0 = -4*l - m + 3*m + 24. Let y(s) = -s**3 - 4 - 1 - 14*s - l*s**2 + 13*s. What is y(-4)?
-1
Suppose -24 + 4 = 4*h. Let u(a) = -a**3 - 5*a**2 + 4*a + 2. Determine u(h).
-18
Let k(j) be the first derivative of -j**5/20 + j**4/3 + 5*j**3/6 + 3*j**2/2 + 6*j + 6. Let h(u) be the first derivative of k(u). Determine h(5).
3
Let b(t) be the second derivative of -t**3/2 - t**2 + 5*t. Let k(l) = -l + 7. Let n be k(9). Determine b(n).
4
Let z = 6 - 4. Let r(n) = n**2 + 3*n - 3. Let j(a) be the first derivative of a**3/3 + a**2/2 - a - 2. Let q(k) = -3*j(k) + r(k). What is q(z)?
-8
Let v(w) = w + 5. Suppose 0*i = -5*i. Let r be 1*-2 + (2 - i). Calculate v(r).
5
Let j(r) be the first derivative of r + 5. Let w(b) = 2*b - 10. Let a(u) = -40*j(u) - 4*w(u). Calculate a(-1).
8
Let a(m) = m**3 + 4*m**2 + 2*m + 5. Let h(j) = j. Let n be h(-4). What is a(n)?
-3
Let o(m) be the first derivative of -m**3 - 1 + 0*m**2 - 1/20*m**5 + 0*m - 1/24*m**4. Let u(a) be the third derivative of o(a). Determine u(-1).
5
Let a(w) = -3 + 0 - 9 + w. Give a(10).
-2
Suppose 0 = 2*a - 1 - 5. Let n(u) = -5*u + 1 - 5*u**2 + 5 + 3*u**3 + a*u**3 - 5*u**3. What is n(6)?
12
Suppose 0 = -g - 0*g - 1. Let q(v) = 0*v**2 - 2*v + 183 - 184 - 2*v**2 + 0*v - 11*v**3. Give q(g).
10
Let p(w) = -2*w**2 - w + 2. Let z(f) = f**2 - 2. Let x be z(2). Let d be x/(-7) + 120/28. Suppose -3*j + 2*r - 3*r = 5, -2*r - 6 = d*j. Calculate p(j).
-4
Let f(p) = p**3 - 6*p**2 + 2. Let q be f(6). Suppose -5*t + 14 = -w - 10, t = q*w + 3. Let v(j) = -7*j**3 + j**2 - 1. What is v(w)?
-7
Let v(i) = 1 - i**2 - i**3 + i + 6 - 2 - 4. Let s = 0 + -1. Calculate v(s).
0
Let i(k) = k. Let w(p) = -6*p + 2. Let a(j) = -5*i(j) - w(j). Calculate a(6).
4
Let w be (-4)/(-8) - (-52)/8. Let a(l) = l**3 - 6*l**2 - 4*l. Give a(w).
21
Let r(z) = z**3 - z**2 - z + 2. Let p be (3*2/6)/(-1). Let c be 3 + ((-3)/p)/(-3). Calculate r(c).
4
Suppose -6*g = -g - 10. Let b(n) = 10*n**3 + 2*n - n**2 + 4*n**2 - g - 9*n**3. What is b(-2)?
-2
Let x(h) = h**3 - h + 4. Let r(o) = -o**3 + o**2 - 3. Let z(b) = 6*r(b) + 5*x(b). Determine z(5).
2
Let c = 9 + -5. Suppose 0 = -j + 5*j + 3*s - c, -5*j + 3*s = -32. Let g = j + -8. Let p(d) = d**3 + 3*d**2 - 5*d - 6. Give p(g).
-2
Let r(x) = 15*x**3 + 7*x**2 - 5*x - 1. Let n(b) = 15*b**3 + 8*b**2 - 6*b - 1. Let a(z) = 5*n(z) - 6*r(z). What is a(-1)?
14
Let d(a) = a**2 + 5*a - 1. Suppose -4*i - 5*s + 2*s - 35 = 0, -3*i + 5 = -4*s. Let w = 4 + i. Let u be -2 - w*(-6)/3. Determine d(u).
-5
Let o(s) = -s**3 - 3*s**2 - 1. Let y(x) = x. Let g(v) = o(v) - y(v). Let p(k) = -k**2 + 7*k - 7. Let d be p(7). Let u = 4 + d. Calculate g(u).
2
Let p(o) = o**3 + 5*o**2 - o - 5. Let b(a) = a**3 + 7*a**2 + a + 2. Let f(c) = -c**3 + c**2 + c - 7. Let l be f(0). Let i be b(l). Determine p(i).
0
Let v(d) = 7*d + 6 + 52*d**3 - 3*d**2 - 51*d**3 + d + 10*d**2. Let j = -28 + 40. Suppose j = -o - o. Determine v(o).
-6
Let h be (-4 - (3 + 1))*1. Let k = -2 - h. Let y(g) = -g**2 + 8*g - 2. Give y(k).
10
Suppose 0 = 4*p + 2*o - 16, 8 = p + o + 2. Suppose -p*m = -4*m. Let q(n) = n**2 + m*n**2 - n**3 + 5 + 0*n**2. Calculate q(0).
5
Suppose -4*s + 14 = -3*n, 4*n - 18 = 2*s - 4*s. Let u(v) = -1 + 2*v**2 - 4*v**2 - 6*v + 3*v**n. Let w be (-37)/(-7) + (-6)/21. Give u(w).
-6
Let n be -18*(32/12 - 2). Let x = -6 - n. Let o(c) = -c + 14. What is o(x)?
8
Let p(x) = 14 - x - 16 + 0*x. What is p(-5)?
3
Let m be 0/(-2 + (-1 - -4)). Suppose m*s = 2*s. Let u(a) = -31 + a**3 + 2*a - a + 31. Determine u(s).
0
Let u(o) = 4*o - 1. Let b(v) = -v**3 + 5*v**2 - 7*v. Let t be b(3). Give u(t).
-13
Let g(n) = -n**2 - 6*n + 7. Let a be g(-7). Let v(h) = h**3 + h**2 - h + 1. Determine v(a).
1
Let x(t) = -t**3 - 10*t**2 - 2*t - 11. Let o be x(-10). Suppose 2*r - r - 2*d = 0, 5*d = 4*r + o. Let p(z) = 6 + 0*z + 2*z - 2 - z. Determine p(r).
-2
Let u be 0 - (-5)/((-10)/(-6)). Let w(t) = t**2 - 3*t - 2. What is w(u)?
-2
Let z(j) be the first derivative of -j**2/2 - 12*j - 17. Give z(-5).
-7
Let q(f) = -f**2 - f - 1. Let j(o) = -o**3 + 4*o**2 - 3*o + 1. Let g be j(3). Let m(h) = -9*h**2 + 3*h + 2. Let n(k) = g*m(k) + q(k). What is n(-1)?
-11
Let n = 7 - 5. Suppose -4*v - n = 10. Let f(s) = 2*s - 4*s + 1 - 2. Give f(v).
5
Suppose -7 + 4 = z + 4*v, 0 = -5*z - 5*v. Let g be z/3 - (-95)/(-15). Let y(i) = -i**2 - 7*i - 3. Determine y(g).
3
Let k(p) = -3*p**2 + 27*p + 2. Let g(i) = -i**2 + 9*i + 1. Let c(t) = 17*g(t) - 6*k(t). Determine c(7).
-9
Let v(p) = -4*p - p**3 + 7 - 10 + 5*p**2 + p**2. Let i(h) = h**3 + 4*h**2 - h + 1. Let m be i(-4). Determine v(m).
2
Let q(j) = -2*j**3 - j**2 + 2*j - 1. Suppose 31 = 4*k - 69. Suppose 0 = -3*f - x - k, 2*x - 2 = 2*f - x. Let u = 5 + f. What is q(u)?
7
Let z(c) = 9*c - 12*c - 3 + 4*c. Calculate z(2).
-1
Let o(d) = 12*d**2 + 2*d - 1. Let x(b) be the first derivative of b**4/4 + 5*b**3/3 + 5*b**2/2 + 5*b - 6. Let r be x(-4). Calculate o(r).
13
Let i(o) be the second derivative of o**4/12 + o**3 + o**2 - o. Suppose -v - 4*q - 10 = 4*v, -v + q = 11. Determine i(v).
2
Suppose -1 = p, 5*p - 27 = -4*v - 0. Let q = v - 2. Let a(o) = 2*o - 7. Let i be a(q). Let d(w) = w**2 - 6*w + 7. Determine d(i).
2
Suppose -2*n = -m - 2 - 3, 0 = -n - 2*m + 5. Suppose -5*k - 14 = -3*x + 2*x, 0 = -n*x + 3*k + 18. Let i(j) = -2*j + 5. What is i(x)?
-3
Let i(j) = -3*j**2 - 2*j + 9*j + 2 + 4*j**2 + 2. Let f = 8 - 4. Suppose 6 = -5*h - 4*x - 14, f*x = h + 4. Give i(h).
-8
Let x(v) be the first derivative of -v**2/2 + 6*v - 1. Let i be x(11). Let r(s) = s**2 + 5*s - 5. Determine r(i).
-5
Let d(i) be the third derivative of i**5/60 + i**4/6 - 2*i**3/3 - 7*i**2. Calculate d(-3).
-7
Let x(m) be the third derivative of m**2 + 0 + 1/24*m**4 - 11/6*m**3 + 0*m. Let w be ((-75)/20)/((-6)/8). What is x(w)?
-6
Let m be -2 - 0 - (-4)/(-2). Let p(w) = w + 2. Let c(g) = -6*g - 11. Let j(z) = 6*c(z) + 33*p(z). Determine j(m).
12
Let t(m) = 3*m**2 - 8*m + 5. Let p be (-2)/(-9) - (-94)/(-18). Let i(x) = x**2 - 4*x + 2. Let h(d) = p*i(d) + 2*t(d). Determine h(-4).
0
Let r = 20 + -21. Let i(a) = -7*a**2 - 2*a - 1. Calculate i(r).
-6
Let y be -3*(-2 + (-12)/9). Suppose -11 + 0 = -i - 4*l, -l - y = -4*i. Let d(x) = -x**3 + 4*x**2 + 3*x + 3 + x**3 - x**i. Give d(5).
-7
Suppose -2*r - 5 = -3*r. Suppose -r*a - 9 = 6. Let n(j) = 2*j**2 + 3*j. Let f(y) = 6*y**2 + 9*y - 1. Let p(x) = 4*f(x) - 11*n(x). 